What is r(q)?
1
Let l(n) = n**2 - n - 1. Let z(x) be the third derivative of -x**6/120 - x**5/30 + x**4/24 + 2*x**2. Let p be z(1). Determine l(p).
5
Let s(b) be the first derivative of b**4/4 + 5*b**3/3 + b**2/2 - 2*b - 6. Determine s(-4).
10
Let y(v) = v**2 + 4*v - 1. Suppose -2*c + 0 + 4 = 0. Let q be (0 + c)*20/(-8). Calculate y(q).
4
Let k(p) = -3*p + 8. Let g(h) = -4*h + 9. Suppose 3*t - 3 = 0, 5*t = -2*j - 11 - 14. Let r = 10 + j. Let d(s) = r*g(s) + 6*k(s). Calculate d(3).
9
Let r(n) = -7*n**3 + n + 9. Let o(u) = -13*u**3 - u**2 + 2*u + 17. Let d(w) = -6*o(w) + 11*r(w). Calculate d(-6).
3
Let o(h) = -h**3 + 9*h**2 + 24*h - 29. Let u be o(11). Let l(d) = d**3 + 8*d**2 + 8*d + 4. Determine l(u).
-3
Suppose -5*h + 6 + 4 = 0. Let x(u) = 4 - 4*u + u**2 - 5*u**2 + 3*u**h. What is x(-5)?
-1
Let w(g) = 2*g**2 - 5*g + 25. Let r(b) = -b**2 + 3*b - 13. Let p(o) = 11*r(o) + 6*w(o). Give p(-5).
17
Let b(t) = -2*t + 2. Suppose 3*v + v = -p, v = 0. Let g be -4 + 6 + 4 + p. What is b(g)?
-10
Suppose -4*c - f = -57, 2*c = -3*c - 3*f + 80. Suppose -3*k + 15 = -3*s, 2*k + 4*s + c = -k. Let h(y) = 4*y**2 - 2*y + 1. Determine h(k).
3
Suppose v = -0*v + 2. Let u(b) = 0 - 2 - 4*b - b**v + 2. Give u(-5).
-5
Let a(k) = 6 + k**2 - 436*k**3 + 4 + k + 437*k**3. Give a(0).
10
Let q(i) = -i - 2*i + 0 + 0*i + 4. Give q(3).
-5
Let b(p) = p. Let u(w) = w**2 - 8*w. Let r(j) = 4*b(j) + u(j). Let f be (3 + -1)/((-6)/(-9)). Determine r(f).
-3
Let m(o) be the first derivative of -o**2/2 - 3*o + 17. Suppose 3*z = -2*z. Give m(z).
-3
Let m(z) = z**3 + z**2 - z + 1. Let b(o) = 6*o**3 + o**2 - 7*o + 7. Let a(v) = -b(v) + 5*m(v). What is a(3)?
13
Let h(c) be the third derivative of -1/60*c**5 + 1/12*c**4 - 1/2*c**3 + 2*c**2 + 0 + 0*c. Let i(v) = -v**2 - 5*v - 4. Let l be i(-3). Determine h(l).
-3
Suppose 0 = s - 5*v - 10 + 4, -3*v = 0. Suppose s*x = 2*x. Let h(y) = -y + 6. Calculate h(x).
6
Let p(v) = v**3 + 4*v**2 - 2*v + 6. Suppose -5*c = 49 + 16. Let s = c + 8. Give p(s).
-9
Let y(x) = 5*x. Let z = 18 - 17. Determine y(z).
5
Let k(i) = -i - 2. Let v = -22 + 16. Let f be k(v). Let y(x) = -x + 9. Determine y(f).
5
Let g(c) = -c + 1. Suppose -6*d = -10*d - 28. Let h(r) = r**3 - 5*r**2 - 7*r + 7. Let p be h(6). Let z = d + p. What is g(z)?
7
Let w(i) = i**3 - 3*i**2 + 1 + 5 - 4*i + 1. Let q(v) = 0*v + 1 - v**2 + 0*v**2 - v. Let s(m) = -3*q(m) + w(m). What is s(0)?
4
Suppose 20 = -f - 4*f. Let t be 4 + -3 + 0/(-2). Let i(r) = -11*r**3 - 11*r**3 + 2*r**2 + 23*r**3 - 6*r - t. Give i(f).
-9
Let r(s) = -2*s**2 + 7*s**2 + 6*s + 2*s**3 - s - 9. Let f(v) = -v**3 - 2*v**2 - 3*v + 5. Let x(j) = 5*f(j) + 3*r(j). Determine x(-5).
-2
Let z(x) be the third derivative of -x**5/30 + x**4/8 + x**3/6 + 6*x**2. Determine z(3).
-8
Let m(c) be the third derivative of -c**6/120 + c**5/60 + c**4/24 - c**3/6 - 23*c**2. Calculate m(1).
0
Let k(w) = -w + 3. Suppose -4*n = -6*n + 8. Calculate k(n).
-1
Suppose 5*t - 12 = t. Let q(j) = 4*j - j**t - 3 - j**2 + 5 - j - 4. What is q(2)?
-8
Let t be 0*(-1)/(-3)*1. Let a(q) = -5*q**2 + 9. Let f(w) = 6*w**2 - 10. Let p(n) = -7*a(n) - 6*f(n). Determine p(t).
-3
Let j(s) = 9*s**2 - 3 + 4*s + 15*s**2 - 27*s**2. Calculate j(2).
-7
Let k(q) = q**3 - 4*q**2 - q + 13. Let s be k(3). Let y(c) = 10*c**2 + 5. Let g(p) = 1. Let n(u) = -5*g(u) + y(u). Determine n(s).
10
Let f(n) = 1 - 35*n**2 + 37*n**2 + n**3 + 1 - 4*n. Give f(2).
10
Let g = 8 - 6. Let i(d) = 3 + 4 + 3 - 6 + 4*d**g - d**3 + 5*d. Determine i(5).
4
Let q = -1 + 4. Let d(v) = 5*v - q + 0 - v. Calculate d(2).
5
Suppose m = 4*k - 9, 5*m - 2 = 3*k - 13. Let x(z) = 6*z**2 - 2*z. Determine x(k).
20
Let r(g) = -g**2 + 2*g - 1. Suppose p - 8 = -2. Suppose -3*n = -4*j + 13, -18 = 5*n + j - 4. Let d = n + p. Give r(d).
-4
Let f be (-10)/15*9/2. Let y(h) = -5*h - 4. Determine y(f).
11
Suppose -6*z = -4*h - z - 37, 2*h + 4*z = 14. Let r(t) be the second derivative of -t**5/20 - t**4/6 - t**3/3 - 3*t**2/2 - 2*t. What is r(h)?
12
Let j = -18 - -21. Let m(a) = 4*a - 2. Give m(j).
10
Let i(q) be the third derivative of 5*q**2 + 7/24*q**4 + 0 + 0*q + 1/60*q**5 - 7/6*q**3. Give i(-6).
-13
Let p(k) = k + 7. Let o be (5 - 11)*2/6. Let b be 0/(3*o/3). Calculate p(b).
7
Let s(g) = -11*g + 21. Let w(c) = -5*c + 10. Let r(o) = -6*s(o) + 13*w(o). Let j = 6 - 1. Suppose 10 = -4*m - d, -j*m = -d - 0*d + 17. What is r(m)?
1
Let m(j) be the third derivative of -j**5/60 + j**4/12 + j**3/6 + 9*j**2. Give m(2).
1
Let x(z) be the second derivative of z**6/120 - z**5/120 - z**4/12 - 3*z. Let s(u) be the third derivative of x(u). Calculate s(1).
5
Let y = -3 - -5. Let s(r) = -6*r - r**2 - 4*r**3 - r**2 + r + 1 - 2. Let k(h) = -5*h**3 - 2*h**2 - 6*h - 1. Let v(p) = 6*k(p) - 7*s(p). Determine v(y).
-9
Let m(l) = 3*l + 8. Let k = 10 - 16. Give m(k).
-10
Let l(d) = -d + 1. Let s be l(-7). Let z(k) = -k + 10. Give z(s).
2
Suppose -5*w + 2*d - 8 = 1, 0 = 2*w - 2*d + 6. Let h be 1/(3/(-6) - w). Let t(a) = a**2 - 2. Determine t(h).
2
Let z(w) = -4*w**2 - 8*w + 9. Let d(a) = -a**2 - 2*a + 2. Let g(y) = 9*d(y) - 2*z(y). Let n be ((16/20)/2)/((-2)/20). Give g(n).
-8
Let i(s) = 2*s**3 + s**2 + s. Let o(y) = -y**2 - 13*y + 29. Let w be o(-15). Calculate i(w).
-2
Let o(z) = z**2 + z. Let m be o(-2). Let d(y) = 9*y + 4*y**2 - 5*y**m - 9*y + 5. Suppose 2*k - 3 = -13, -20 = -2*x + 4*k. What is d(x)?
5
Suppose 2 + 18 = 5*n. Let q(c) be the second derivative of c**5/20 - c**4/6 - c**3 + 2*c**2 - 2*c. Give q(n).
12
Let g(w) = w**2 + 8*w + 7. Let j(f) = -1. Let s(h) = -g(h) - 5*j(h). Calculate s(-7).
5
Let x(h) = -45 - h**3 + h**2 + 88 - 34. Determine x(0).
9
Let y(q) = -2*q + 1. Suppose -4*w + 2*w = 4*t + 14, 0 = t - 4*w + 8. What is y(t)?
9
Let v be ((-6)/15)/((-1)/(-5)). Let p be 1 + (-3 - v) + 2. Let n(o) = 2 + 6*o - 3*o**p + o**3 + 3 - 2*o**3. Calculate n(-4).
-3
Let m be ((-15)/(-10))/(6/8). Suppose -10 = 3*n - 5*a, -m - 6 = -4*a. Let q(s) = 2*s - s**2 - 4*s**3 + 3*s**3 - s**2 + 1 + n*s**3. Calculate q(-2).
-3
Suppose 0*q + 3*q = -9. Let a be 6/(-9) - 14/q. Let p(n) = n**2 - 5*n - 2. What is p(a)?
-6
Let o = -9 - -11. Let c(z) = z**2 - 6*z**2 + 2*z**2 + 3*z + z**2. What is c(o)?
-2
Let u(n) = 5 + 5 + 6 - 12 + 3*n. What is u(4)?
16
Let q = -1 - -3. Let d = q - -1. Let z(f) = 4 + f**2 - 8*f**2 + f + 6*f**2 + 2*f. Determine z(d).
4
Let x(w) = -3*w + 4*w - 7 + 0*w. Let q = 10 - 4. What is x(q)?
-1
Let b be ((-3)/1)/(6/(-4)). Let g(a) = -2 + a + 0*a - b*a. Let w = 309 - 314. Determine g(w).
3
Let s(y) be the first derivative of 2*y**2 - 2*y + 4. Calculate s(-2).
-10
Let u(b) = -b**3 + b**2 + 4*b - 2. Let w(f) = 2*f**3 - 2*f**2 - 7*f + 4. Let p(d) = 7*u(d) + 4*w(d). Calculate p(2).
6
Let b(j) = j + 7. Let y be b(-6). Let v = 4 - y. Let o(m) = -3*m**2 - 4*m - 7. Let h(f) = f**2 + 2*f + 3. Let i(g) = 5*h(g) + 2*o(g). Give i(v).
-2
Let j(u) = -2*u**2 - 4*u - 9. Let c(h) = h**2 + 2*h + 5. Let z(w) = -7*c(w) - 4*j(w). Give z(3).
16
Let n be 1/(3/6*-2). Let f = 3 - n. Suppose 0 = -5*k - f*m - 5, 0 = -2*k + 2*m - m - 15. Let c(o) = -o**2 - 6*o + 1. Give c(k).
6
Let s be (4 + 2)*(1 + 0). Let h(k) = -k**2 + 7*k - 4. Let v be h(s). Let x be (v/(-6))/((-4)/(-36)). Let t(q) = -q**2 - 2*q - 4. Give t(x).
-7
Let o(j) = -2*j**2 - 3*j - 4 + 0*j**2 + j**2. Suppose 4*w + 1 = 9. Let y be w/((-24)/9 - -2). Calculate o(y).
-4
Let z = -3 - -4. Let f(g) = -g - 7. Let x be f(-9). Let w(k) = x*k + 5*k - 5*k. Determine w(z).
2
Let t(d) = -d**3. Let j be 8/5 - (-5 - 84/(-15)). What is t(j)?
-1
Let n(h) be the third derivative of -h**6/120 + 7*h**5/60 - h**4/3 + 7*h**3/6 + 2*h**2. Give n(6).
-5
Let w = 10 + -8. Let i(x) = -x**3 + 3*x**2 - 3*x + 2. Determine i(w).
0
Let t(x) = -x**3 + 8*x**2 + x + 11. Let m be t(8). Let q = -17 + m. Let k(n) = -n**3 + 2*n**2 - 4*n + 2. Calculate k(q).
-6
Suppose 4*b = 5*t + 2*b - 15, 4*t = 4*b + 12. Let u(x) = -x - 1. Let k(f) = 5. Let m(d) = -k(d) - 4*u(d). Determine m(t).
11
Suppose 4*v = -3*j + v - 18, 33 = -4*j + 5*v. Let g = -6 - j. Suppose 3*l = -2 - g. Let o(t) = -t**2 - 1. Determine o(l).
-2
Let h(q) = -q**3 + 7*q**2 - 4*q + 5. Let y(v) be the first derivative of -v**4/4 + 2*v**3 - 2*v**2 + 4*v + 1. Let k(p) = 2*h(p) - 3*y(p). Give k(3).
1
Let r(i) = -5*i + 2. Let b(w) = w**2 + 3*w - 6. Let m be b(-5). Let g be -3 + 2*2/m. Let s = g - 0. Determine